ts digit of (0 - -1 - r)*2?
2
Let f(i) = 2*i**3 - 3*i**2 - 2*i - 2. Let b(l) = -l**3 + l**2 + l + 1. Let d(w) = -5*b(w) - 3*f(w). What is the units digit of d(4)?
5
Suppose 7*v - 22*v + 1530 = 0. What is the hundreds digit of v?
1
Suppose 5*j + 3*k - 110 = 0, 3*j + 4*k - 66 = k. Suppose 2*p + 20 = 6*p, 5*p = g + j. Suppose -g*d + 16 = 4. What is the units digit of d?
4
Suppose 6*b - 4*b = -32. Let d be (b/6)/(7/(-63)). Suppose 3*q = -3*w + 15, 4*q + 2*w + 3*w = d. What is the units digit of q?
1
Let m = -17 + 11. Let b(j) = -j**2 + 6*j - 4. Let v be b(6). Let q = v - m. What is the units digit of q?
2
Suppose -5*k + 152 + 133 = 0. What is the units digit of k?
7
Let m be 116/14 - 2/7. What is the units digit of m/1 - (-6 + 7)?
7
What is the hundreds digit of 30/(-50) - (-618)/5?
1
Let w(x) = x**2 - 9*x + 7. Let b be w(8). Let j(t) = -36*t**3 + t + 1. What is the units digit of j(b)?
6
Suppose -13 = -5*l - 3. Let x(o) = 5*o**2 + 4*o - 1. Let j(f) = 11*f**2 + 9*f - 2. Let i(u) = -4*j(u) + 9*x(u). What is the units digit of i(l)?
3
Suppose -5*f + 2*o + o = -21, -3*f - 5*o = -33. Let p(j) = j - 4. What is the units digit of p(f)?
2
Let r be 1 - (6 - 3 - 1280). What is the tens digit of 4/18 - r/(-81)?
1
Let y(s) = s**2 - 6*s + 5. Let z be y(4). Let g be z/(-2)*(-16)/6. Let h = g + 9. What is the units digit of h?
5
Let v(f) = f**3 - 6*f**2 - 6*f + 8. Let c be 8/(2 - 16/6). Let w be c/(-2) + (-7)/(-7). What is the units digit of v(w)?
5
Let p(u) = -2*u - 4. Let v be p(-4). Let b = v + -6. Let j(r) = -r**3 + 2*r**2 + r. What is the units digit of j(b)?
4
Let s(k) = -29*k - 5. What is the hundreds digit of s(-4)?
1
Let f(m) be the first derivative of m**2/2 + 5*m + 1. Suppose 35 = 3*y - 2*g, 5*y + 4*g - 29 = -0*g. What is the units digit of f(y)?
4
Suppose -4*q + 862 = -2*n, 5*n + 856 = 4*q + n. What is the tens digit of q?
1
Suppose 12 = -4*d, 2*r + 1 = 2*d + 7. Suppose r = -4*n + 4*s, 0*n + 4 = -4*n + 5*s. Suppose -21 = -7*t + n*t. What is the units digit of t?
7
What is the tens digit of 215/4 - 8/(-32)?
5
Let r = 22 + -2. What is the units digit of r?
0
Suppose -2*g + 0*g = 6. Let b be (-2)/(-6) + (-11)/g. Suppose 3*c - 22 = -4*l, -c - 8 = b*l - 26. What is the units digit of l?
4
Let x = 1 + -1. Let p = 1 - x. What is the units digit of p?
1
Let n be -14*(1 + 3/(-2)). Suppose 3*a + 4 = n*a. What is the units digit of a?
1
Suppose -2*o + 4*o + 22 = 0. Let a = o + 20. What is the units digit of a?
9
Suppose 0 = -g + 4*c + 75, 3*c = 3*g + 46 - 244. What is the tens digit of g?
6
Suppose f + 9 - 56 = 0. What is the tens digit of f?
4
Suppose -10 = -3*p + m, -4*p + 13 = -4*m - 11. Suppose 3*d + 0 + 2 = -p*k, d - 3*k = 3. Suppose -3 + d = -q. What is the units digit of q?
3
What is the units digit of 2606/12 + (-4)/24?
7
What is the tens digit of (-4 - -54 - 4)*1?
4
Suppose 0 = t - 3. Suppose d + 4*w + 12 = 0, -t*d + w + 0*w = -29. What is the units digit of d?
8
Let c = -31 - -46. What is the units digit of c?
5
Let r = -23 + 66. What is the tens digit of r?
4
Suppose -2*f - 11 = 15. Let m = 32 + f. What is the tens digit of m?
1
Suppose -5*r = -r - 256. What is the tens digit of r?
6
Suppose 4*f - 105 = -f. Suppose 4*t = 5*v + f, 2*v - 39 = -5*t + 4*v. What is the units digit of t?
9
Let x = 8 - 4. Let r = x + 2. What is the units digit of r?
6
Let a(r) = 0*r**2 + 0*r - 4*r + 1 - r**2. Suppose -5*h - 8 = -3*h. What is the units digit of a(h)?
1
Suppose 2*y - 821 = 3*q - 331, -5*y = -4*q - 1218. What is the hundreds digit of y?
2
Let j = 9 - 6. Suppose j - 5 = -2*s. What is the units digit of s?
1
Let b(d) = 2*d - 1. Let v be b(2). Suppose 0 = v*y - 5*q - 9, 4*y = q + 22 + 7. Let u = y - -2. What is the tens digit of u?
1
Suppose 4 = 3*y - 5. Suppose 0 = y*u - 45. Suppose -4*c - c = -u. What is the units digit of c?
3
Let f(x) = 6*x**2 + 2*x. Let w(u) = -7*u**2 - u + 1. Let r(q) = -6*f(q) - 5*w(q). Let j be r(-4). Suppose 0 = -l + 4 + j. What is the tens digit of l?
1
Let r be 42/18 - (-4)/6. Let a(c) = 2*c**2 - 4*c + 4. What is the tens digit of a(r)?
1
Let h be -1*(-4 - -3)*47. Let x = -27 + h. What is the tens digit of x?
2
Let a(g) = -g**3 + 6*g**2 + 8*g - 2. What is the tens digit of a(6)?
4
What is the tens digit of 5/(-2)*(-11)/((-165)/(-306))?
5
Suppose 0*h - 3*h + 6 = 0. Suppose -2*x = -y - 6, 0 = 5*x - h*y - 2*y - 9. What is the units digit of x?
5
What is the units digit of (-8)/(-6) + 3924/54?
4
Let n(r) = -2*r. Let z be n(-1). Let g = -2 + 5. Let i = g - z. What is the units digit of i?
1
Let s = 7 + -4. Suppose -2*f = -f + 5*z + 17, 5*f = -s*z - 107. Let q = 41 + f. What is the tens digit of q?
1
Suppose 4*t = -4*a - 0*a - 16, a + 4 = -5*t. Suppose 3*g + 3 = t, -5*d + 5*g + 174 = -26. What is the units digit of d?
9
Let a = 1 + 2. Let z = 23 - a. What is the tens digit of z?
2
Let c be (-40)/(-7) + (-6)/(-21). Suppose 0 = c*r - 3*r - 45. What is the units digit of r?
5
Let l(y) = 0 + y**2 - y**3 - 3*y - 6*y**2 - 4. What is the tens digit of l(-5)?
1
Suppose 6 - 26 = -u. Suppose p = u + 21. What is the units digit of p?
1
Let l(j) = -2*j + 4. Let g be l(-4). Suppose 0*y + g = -2*y. What is the units digit of y/4*(-32)/6?
8
Let j = 56 - 78. Let l = 10 - j. Let o = -19 + l. What is the tens digit of o?
1
Let j = -103 - -104. What is the units digit of j?
1
Let g(z) = z**3 + 3*z**2 - 4*z + 2. Let a(b) = 6*b**2 - b + 1. Let t be a(1). Let w be 2/((-3)/(t/1)). What is the units digit of g(w)?
2
Suppose 16*z - 220 = 12*z. What is the units digit of z?
5
Let f = 43 - 63. Let h = f - -25. What is the units digit of h?
5
Let v(s) = -48*s - 42. What is the tens digit of v(-3)?
0
Suppose 39 + 41 = 4*d. What is the units digit of d?
0
Let j = 8 - 4. Let s(l) = l**3 - 6*l**2 - 7*l + 9. Let f be s(7). Let r = f - j. What is the units digit of r?
5
Let a(c) = -c + 1. Let t(m) = m - 3. Let j(y) = -2*a(y) - t(y). Let i be j(0). Suppose 11 + i = 3*u. What is the units digit of u?
4
Let q(x) = 4*x**2 + 24*x - 16. Let r(t) = -t**2 - 6*t + 4. Let y(d) = -2*q(d) - 9*r(d). Let p be y(-7). Let s = p - 0. What is the units digit of s?
3
Suppose -5*s = 2 - 7. Let m = s + 20. What is the tens digit of m?
2
Let t = 1 + 3. Let f = t + -4. Suppose f = -2*b + 2*j + 16, -6*j = -2*j - 12. What is the units digit of b?
1
Let o be (-2 + 0)*9/(-2). Let s = -4 + o. What is the units digit of s?
5
Suppose 5*q - 5*b + 9 - 24 = 0, -3*q + b = -3. Suppose 0 = -x - q*x + 5. Let u(h) = -h + 10. What is the units digit of u(x)?
5
Suppose 3*r = -2*r - 5. Let p(g) = -6*g + g + 0 + 0*g + 1. What is the units digit of p(r)?
6
Suppose -15 = -5*k - 0. Let v = k + 4. What is the units digit of v?
7
Let i(y) = -9*y**3 - y**2 + y. Suppose -2*o + o = -1. Let d be i(o). What is the units digit of (-4)/2 - (1 + d)?
6
Let a = 65 + 0. What is the tens digit of a?
6
What is the units digit of -1 - 4/(-8) - (-134)/4?
3
Suppose h + 3*h - 12 = 0. Suppose -41 + 5 = -h*j. Suppose j = -2*y + 6*y. What is the units digit of y?
3
Let b(n) = -n + 1. Let u(k) = -k**2 - 7*k - 4. Let q be u(-7). Let j(c) = c**2 + 10*c - 9. Let d(y) = q*b(y) - j(y). What is the units digit of d(-6)?
5
Suppose 258 + 310 = 4*i. What is the units digit of i?
2
Let x(u) = 2*u - 5*u + u**2 - u - 1. Let m be x(5). Suppose -m*l + 2*d + 28 = 0, 3*l - d - 14 = 4*d. What is the units digit of l?
8
Suppose -2*u + 15 = -5*f + 855, 0 = -4*f - 5*u + 672. What is the tens digit of f?
6
Let f be (7 - -1)/(5/5). Let s = f + 7. What is the tens digit of s?
1
Suppose u + 3 = 5*n, 0 = -5*n - 0*u + 3*u - 1. Let b = 15 + n. What is the tens digit of b?
1
Let v = -1 - 3. Let l = v - -11. What is the units digit of l?
7
What is the units digit of ((216/(-30))/(-9))/(2/505)?
2
Let o = 11 + 33. What is the units digit of o?
4
Suppose -4*j - 3 + 7 = 0. Suppose -o = -2*o + j. What is the units digit of o?
1
What is the units digit of 1/((-4)/12) + 69?
6
Let c = 2 + -3. Let n be (-5)/20 - 13/(-4). Let k = c + n. What is the units digit of k?
2
Suppose 2*f - 3*f = -5. Suppose -n + t - 11 = -6*n, -4*n + f*t + 3 = 0. Suppose -x - 18 = n*h + 3*x, 0 = h - 3*x - 16. What is the units digit of h?
1
Suppose 0 = 3*x - 99 - 90. What is the tens digit of x?
6
Let n be (2/2)/((-1)/(-17)). Let k be (-2)/(((-6)/n)/(-3)). Let s = -9 - k. What is the units digit of